x**3 - 18*x**2 - 17*x + 3. Let v(n) = 4*s(n) + 7*y(n). What is v(4)?
13
Let a(d) = 2*d**2 + d - 1. Let w be a(1). Let c(h) = 4*h - 2. Let q = 24 - 25. Let n(x) = -1. Let r(g) = q*n(g) - c(g). What is r(w)?
-5
Let k(j) = 12*j**2 + j. Let r = 66 + -41. Suppose -2*d + 23 - r = 0. Give k(d).
11
Let r(k) be the second derivative of k**5/20 + 3*k**4/4 + 3*k**3/2 - k**2/2 + 122*k. Determine r(-8).
-9
Let a(t) = t**3 - 9*t**2 - 22*t + 5. Let r be a(11). Suppose r*q - 4*s = 35, 0*q - 2*q + s = -11. Let g(x) = -x - 4. Calculate g(q).
-7
Let u(j) = j**3 + 8*j**2 - j - 11. Let f = -895 + 887. Calculate u(f).
-3
Let w(y) = 4*y + 3. Suppose -8 = 5*l - l. Let h = 5 - l. Suppose h*p = 4*p - 12. Calculate w(p).
-13
Let j = -2 - -12. Suppose j*f - 25 = 5*f. Let d(p) = p**3 - 2 + f*p**2 + 5 - 2*p**2. What is d(-3)?
3
Let k(y) be the second derivative of -1/6*y**3 + 1/2*y**2 + 0 + 32*y. What is k(6)?
-5
Suppose -2*i - 3*i = -115. Let c = -21 + i. Let f(h) = -6 - 4*h + h**3 + 59*h**2 + 7*h - 53*h**c. What is f(-5)?
4
Let x(t) = 2*t + 1087 + 0*t - 1081. Let i(n) = 2*n + 5. Let p(d) = 7*i(d) - 6*x(d). Give p(2).
3
Let k(i) = -i**3 - 7*i**2 + 5*i - 3. Let z = -197 + 189. Give k(z).
21
Let g(z) = -14*z**2 + 2*z + 1. Suppose -7*c + 8*c = 5. Suppose c*p = 4*p - 1. What is g(p)?
-15
Suppose s - 13 = 2*b, 0 = -0*s + 2*s + 2*b - 14. Let v(z) = z**3 - 8*z**2 - 10*z + 3. Give v(s).
-6
Let c be 2 + (1 + 28)*1. Suppose -4*g + 5 = -4*w - c, 5*w = -g - 9. Let o be 16/3 + (-2)/g. Let y(t) = 3*t - 2. What is y(o)?
13
Let k(b) = -2*b**2 - 2*b + 1. Let l be 29/9 - 52/234. Determine k(l).
-23
Suppose j = -3 + 7. Suppose -2*z = -o - 22, -5*z + 0*z + 4*o = -61. Let n be (-2)/z + j/18. Let w(u) = -u**2 - u - 1. Give w(n).
-1
Let x(u) be the second derivative of u**5/20 + 7*u**4/6 + 7*u**3/3 + 2*u**2 - 249*u. What is x(-13)?
-9
Suppose -21*r - 63*r + 252 = 0. Let x(a) be the first derivative of -3*a - 1 + 1/3*a**3 - 3/2*a**2. What is x(r)?
-3
Let o(v) = 9*v**2 - 30*v**2 - 5 + 11*v**2 + 4*v + 1 + 11*v**2. Let c be (-6)/15 + 28/(-5). Determine o(c).
8
Let t(c) = c - 1. Let w(u) = 10 + 217*u - 3 - 221*u. Let y(q) = 6*t(q) + w(q). Calculate y(-2).
-3
Let q(p) be the second derivative of -p**3/2 + 17*p**2 + 646*p. Determine q(13).
-5
Let g(l) = l - 9. Let z be g(4). Let j(c) = 3*c - 2. Let d(b) = -10*b + 7. Suppose 2*h = t + 15, -t + 3*h + 3 - 22 = 0. Let p(f) = t*j(f) - 2*d(f). Give p(z).
5
Let t(h) = 8*h**3 + 2*h - 1. Let i(a) = 4*a + 16. Let x be i(-8). Let p = -20 - x. Let k be -1*(-5 + 8 + p). Give t(k).
9
Let c(h) = 20*h**3 - 21*h**2 + 7*h - 13. Let u(r) = 11*r**3 - 11*r**2 + 4*r - 7. Let m(l) = -6*c(l) + 11*u(l). Determine m(-5).
-9
Let p(d) = -9*d**3 + 13*d**2 - 5*d - 1. Let q be 1/2*(-15 - -9). Let s(b) = -4*b**3 + 6*b**2 - 2*b. Let n(c) = q*p(c) + 7*s(c). Calculate n(3).
6
Let u(h) = h - 12. Let g(o) = o**3 + 5*o**2 - 6*o + 3. Let s be g(-6). Suppose -s*l + 12 = -2*l. Determine u(l).
0
Let d(l) = 4*l**2 + 7*l + 22. Let m be d(-6). Let h = m + -120. Let c(g) = -g**2 + 4*g - 6. Give c(h).
-6
Let i(u) be the first derivative of u**4/4 + 4*u**3/3 + u**2 + 31. Suppose 1 = -2*m - 7. Calculate i(m).
-8
Let z(s) = 2*s - 3*s + 0 - 9. Let a = -404 + 400. Calculate z(a).
-5
Suppose -2*p = 2*k - 3 - 7, p - 13 = -3*k. Let o be (-9 - -7)*(-1)/p. Let n(j) = -9 - 5 + 11 - 2*j + 2*j**o + j**3. Calculate n(-2).
1
Suppose -2*m = 5*m - 350. Suppose 2*j - 28 = -x + 5*x, -5*j = -5*x - m. Let b(n) = n - 12. What is b(j)?
-6
Let h(n) = -11*n - 4. Let q(k) = -3*k. Let c(p) = h(p) - 5*q(p). Give c(-3).
-16
Let w(y) = -1 - 29*y + 12*y + 18*y. Suppose 5*h - s - s = -30, 0 = -2*h - s - 3. Let n be w(h). Let o(z) = 2*z + 3. What is o(n)?
-7
Let s(p) = -p**3 + 4*p - 3. Let o(h) = 3*h - 13. Let k be o(4). Let r be (24/(-14) + (-10)/35)*k. Give s(r).
-3
Suppose -3*l + 2*l + 83 = 0. Let r(u) = 82*u + 4 - l*u + 8. Determine r(9).
3
Let q(i) be the first derivative of i**3/3 + 4*i**2 + 4*i + 1. Let m be (-2)/((-119)/(-28) + -4). Calculate q(m).
4
Suppose -s - 17 + 20 = 0. Let k be 7 - s - 2 - -3. Let x(f) = f - 3. Calculate x(k).
2
Let h(n) = 5*n - 2. Suppose i - 13 = -2*c - 2*i, 0 = -4*c - i + 31. Determine h(c).
38
Let o(h) = 3*h. Let j(n) = n**3 - 7*n**2 + 6*n + 3. Let b be j(6). Let g be (b - 1)/((-4)/(-10)). Suppose -2*v - 12 = 2*z, -z - 1 + 19 = -g*v. What is o(v)?
-12
Let l = -216 + 222. Let v(r) = r**2 - 2*r + 3. Let i be v(2). Let s(d) = i*d - 3 + 2*d - l*d. Calculate s(6).
-9
Let o(q) = q**3 - 6*q**2 + 3*q - 6. Let m(v) = -v**2 + 7*v + 13. Let s be m(8). Let w be 1/(2/18) + (s - 8). Give o(w).
12
Let f(t) = t**2 + t + 4. Let u(h) = h**2 - 12*h - 15. Let b be u(13). Let i(z) = z**2 + z + 2. Let w be i(b). Suppose w*q = q. Give f(q).
4
Let t(g) be the third derivative of -11*g**6/120 + g**5/60 + g**4/12 + g**3/6 + 4*g**2. Let u = 52 - 53. Calculate t(u).
11
Suppose 4*z + z = 5. Let c(i) = 6*i**3 - i + 1. Let p be c(z). Let j(y) = -5*y**3 + 5*y**3 + 21*y**2 - 3*y - 5 - 14*y**2 - y**3. What is j(p)?
13
Suppose -10*g - 9 = -29. Let i(z) = 5 + 4*z**g + 0*z - 4 - 3*z**2 + 3*z. Calculate i(-2).
-1
Suppose -3*x + 6 = -4*c + 13, -2*x - 2 = 0. Let o(j) = -6*j + 1. Give o(c).
-5
Let s(b) be the third derivative of b**6/20 - b**5/60 + b**4/12 - b**3/3 + 2*b**2 + 90*b. Calculate s(1).
5
Let o(d) = -d - 9. Let h(z) = 2*z**2 + 84*z + 77. Let k be h(-41). Determine o(k).
-4
Let k = 36 - 26. Suppose -5*q = -k*q + 10. Let i(g) = 6*g**2 - g + 2 - 37*g**3 + 36*g**3 - 2*g**q. Give i(2).
8
Let l(w) = w**2 - 7*w + 8. Let a be l(6). Suppose 3*s = a + 25. Suppose -7*k - 5 - s = 0. Let c(g) = -3*g + 1. Determine c(k).
7
Let q(h) = -13*h**2 + 4*h**2 + 5*h + 3*h**2 - 8*h + 2. Determine q(2).
-28
Let z(j) = 3*j**3 - 2*j**2 - 3*j + 3. Suppose 34 - 28 = 3*t. Determine z(t).
13
Let x = -209 - -215. Let z(k) = k**2 - 5*k - 1. Give z(x).
5
Let w(h) = -h - 9. Suppose 2*t = -0*t - 8. Let s = -9 - t. Calculate w(s).
-4
Let h(l) = -7*l + 6. Let n(s) be the first derivative of 12 + 0*s + 1/2*s**2. Let m(t) = h(t) + 6*n(t). What is m(6)?
0
Let q(a) = -a**2 - a + 1. Let s(u) = 32 - 18 - 5*u + 3*u**2 - 10. Suppose 0 = -2*h - 0*h + 4. Let i(d) = h*q(d) + s(d). Give i(5).
-4
Let a(m) = -12*m**2 - 2*m - 1. Let y = 7 - 3. Suppose y*v - 2 = -6. What is a(v)?
-11
Let f(q) = -1 + 0 + 1 + 2 + q. Suppose -s + 4*s - 6 = 0. Suppose -3*n = -8*n + 4*a + 26, s = n - 4*a. Determine f(n).
8
Let w(d) = 3*d + 4. Let j = 541 - 541. What is w(j)?
4
Let r be 2/4 - (-14)/(-4). Let f(t) = 406824*t**2 + 1 - 3*t - 406828*t**2 + 0*t. What is f(r)?
-26
Let o(j) = j**2 - 4*j + 2. Let y(s) = -2*s**2 + 7*s - 2. Let u(z) = 5*o(z) + 3*y(z). What is u(-4)?
-16
Suppose 12*q = -51 + 135. Let i(m) = 3*m**3 + 6*m**2 + 12*m - 8. Let a(l) = l**3 + l. Let c(o) = -4*a(o) + i(o). Determine c(q).
-1
Suppose -5*k + 4*x = 0, -k + 1 = -2*k + x. Let y(s) be the third derivative of -s**5/30 + s**4/4 + 15*s**2. Calculate y(k).
-8
Let a(d) = 3*d + 5. Let y be 1 - (-2)/((-4)/2). Suppose -3*q + m - 18 = y, 4*q + 25 = 2*q + 5*m. What is a(q)?
-10
Suppose 0 = -3*r + 6*r - 9. Let i(h) = h + 7. Let t be i(-4). Let q(k) = -k + 2. Let x(j) = 3*j - 5. Let f(v) = t*x(v) + 8*q(v). What is f(r)?
4
Let z = 76 - 33. Suppose -45 = -2*t - z. Let d(r) = -12*r - 3. Let q(l) = 4*l + 1. Let j(b) = -4*d(b) - 11*q(b). Give j(t).
5
Suppose 44 = 31*s - 20*s. Let g(n) = -2*n**3 + 6*n**2 - 5*n - 1. Determine g(s).
-53
Let b(l) = 5*l**2 - 41*l + 32. Let g be (-7)/4 + 4 + (-34)/8. Let s(h) = h**2 - 10*h + 8. Let c(p) = g*b(p) + 9*s(p). Give c(-9).
-1
Suppose 2*u + 2*i = 8, 5*u = 3*u + 2*i + 4. Let q(l) = -5*l - l - 2*l**2 + 7 + u*l**2. Determine q(7).
14
Let b(k) = k**2 - 5*k + 4. Let t be b(4). Suppose -x = 3, -4*g + t*x = -3*x - 229. Let d(w) = g - 2*w - 55. What is d(3)?
-6
Let b(v) be the first derivative of -v**4/4 + 4*v**3/3 - v**2/2 - 6*v - 55. What is b(3)?
0
Suppose 0 = -2*w + w + 7. Suppose 5*v - w = -2*v. Let k(a) = 0 + v + 0 + a**2 - 2*a. Calculate k(1).
0
Suppose g = -10*g - 22. Let r(b) = b - 1. Calculate r(g).
-3
Let y(g) = -g**2 - 8*g + 3. Let f(o) = -6*o - 32 + 6*o + 8*o. Let i(m) = 3*m - 11. Let d(h) = -4*f(h) + 11*i(h). Let s be d(-15). What is y(s)?
3
Let k(b) = -7*b. Let j = 2 + -43. Let h = 40 + j. Calculate k(h).
7
Let p(v) = v**3 + 7*v**2 - 8*v + 4. Let a be p(-8). Let d = a - 1. Suppose -f + 2*z -